{"id":54170,"date":"2026-03-13T11:20:13","date_gmt":"2026-03-13T10:20:13","guid":{"rendered":"https:\/\/miannaproperties.com\/property\/elegante-gartenwohnung-mit-meerblick-in-bahia-del-velerin\/"},"modified":"2026-03-13T11:20:13","modified_gmt":"2026-03-13T10:20:13","slug":"elegante-gartenwohnung-mit-meerblick-in-bahia-del-velerin","status":"publish","type":"property","link":"https:\/\/miannaproperties.com\/de\/property\/elegante-gartenwohnung-mit-meerblick-in-bahia-del-velerin\/","title":{"rendered":"Elegante Gartenwohnung mit Meerblick in Bah\u00eda del Veler\u00edn"},"content":{"rendered":"<h1 data-start=\"2780\" data-end=\"2908\"><strong data-start=\"2780\" data-end=\"2841\">Elegante Gartenwohnung mit Meerblick in Bah\u00eda del Veler\u00edn<\/strong><\/h1>\n<h2 data-start=\"2780\" data-end=\"2908\"><strong data-start=\"2844\" data-end=\"2906\">Luxuri\u00f6ses Wohnen am Strand zwischen Marbella und Estepona<\/strong><\/h2>\n<p data-start=\"2910\" data-end=\"3260\">Diese Wohnung in Bah\u00eda del Veler\u00edn befindet sich in einer der exklusivsten Strandgemeinschaften zwischen Marbella und Estepona. Umgeben von \u00fcppigen tropischen G\u00e4rten und nur wenige Schritte von einem der sch\u00f6nsten Str\u00e4nde der Costa del Sol entfernt, bietet die Anlage eine einzigartige Kombination aus Privatsph\u00e4re, Luxus und nat\u00fcrlicher Sch\u00f6nheit.<\/p>\n<p data-start=\"3262\" data-end=\"3491\">Die geschlossene Anlage verf\u00fcgt \u00fcber 24-Stunden-Sicherheitsdienst, wundersch\u00f6n angelegte G\u00e4rten und einen beeindruckenden Gemeinschaftspoolbereich mit Snackbar, was das ganze Jahr \u00fcber eine entspannte Resort-Atmosph\u00e4re schafft.<\/p>\n<p data-start=\"3493\" data-end=\"3674\">Die Immobilie umfasst au\u00dferdem einen Tiefgaragenstellplatz und einen privaten Abstellraum, was zus\u00e4tzlichen Komfort und Praktikabilit\u00e4t f\u00fcr dieses au\u00dfergew\u00f6hnliche Zuhause bietet.<\/p>\n<h3 data-start=\"3676\" data-end=\"3917\"><strong data-start=\"3676\" data-end=\"3732\">Stilvolles Offenes Interieur mit Premium-Ausstattung<\/strong><\/h3>\n<p data-start=\"3676\" data-end=\"3917\"><br data-start=\"3732\" data-end=\"3735\" \/>Diese elegante Wohnung in Bah\u00eda del Veler\u00edn bietet direkten Zugang zu einer privaten Terrasse und \u00fcppigen tropischen G\u00e4rten, was ein nahtloses Wohnerlebnis innen und au\u00dfen schafft.<\/p>\n<p data-start=\"3919\" data-end=\"3998\">Das Interieur wurde mit moderner Raffinesse und Komfort gestaltet und bietet:<\/p>\n<ul data-start=\"4000\" data-end=\"4289\">\n<li data-section-id=\"pprsgu\" data-start=\"4000\" data-end=\"4049\">\n<p data-start=\"4002\" data-end=\"4049\">Zeitgen\u00f6ssischer offener Wohn- und Essbereich<\/p>\n<\/li>\n<li data-section-id=\"sk59xb\" data-start=\"4050\" data-end=\"4119\">\n<p data-start=\"4052\" data-end=\"4119\">Designer-K\u00fcche, vollst\u00e4ndig ausgestattet mit hochwertigen Ger\u00e4ten<\/p>\n<\/li>\n<li data-section-id=\"eveyc9\" data-start=\"4120\" data-end=\"4152\">\n<p data-start=\"4122\" data-end=\"4152\">Ma\u00dfgefertigte Einbauschr\u00e4nke<\/p>\n<\/li>\n<li data-section-id=\"gznug3\" data-start=\"4153\" data-end=\"4197\">\n<p data-start=\"4155\" data-end=\"4197\">Eleganter Fu\u00dfboden im gesamten Apartment<\/p>\n<\/li>\n<li data-section-id=\"b4kdqb\" data-start=\"4198\" data-end=\"4246\">\n<p data-start=\"4200\" data-end=\"4246\">Elektrischer Kamin f\u00fcr eine warme Atmosph\u00e4re<\/p>\n<\/li>\n<li data-section-id=\"13p9xpn\" data-start=\"4247\" data-end=\"4289\">\n<p data-start=\"4249\" data-end=\"4289\">Premium-Soundsystem von Bang &amp; Olufsen<\/p>\n<\/li>\n<\/ul>\n<p data-start=\"4291\" data-end=\"4454\">Der helle Wohnbereich \u00f6ffnet sich direkt zur privaten Terrasse mit herrlichem Meerblick, ideal zum Entspannen, Unterhalten oder Genie\u00dfen des mediterranen Klimas.<\/p>\n<h3 data-start=\"4456\" data-end=\"4659\"><strong data-start=\"4456\" data-end=\"4503\">Exklusiver Lebensstil in Strandgemeinschaft<\/strong><\/h3>\n<p data-start=\"4456\" data-end=\"4659\">Das Leben in Bah\u00eda del Veler\u00edn bedeutet, eine ruhige und sichere Umgebung mit au\u00dfergew\u00f6hnlichen Annehmlichkeiten zu genie\u00dfen. Bewohner profitieren von:<\/p>\n<ul data-start=\"4661\" data-end=\"4797\">\n<li data-section-id=\"1c2j5u4\" data-start=\"4661\" data-end=\"4689\">\n<p data-start=\"4663\" data-end=\"4689\">Gro\u00dfem Gemeinschaftspool<\/p>\n<\/li>\n<li data-section-id=\"1fhpnst\" data-start=\"4690\" data-end=\"4710\">\n<p data-start=\"4692\" data-end=\"4710\">Snackbar am Pool<\/p>\n<\/li>\n<li data-section-id=\"1w4ohlo\" data-start=\"4711\" data-end=\"4738\">\n<p data-start=\"4713\" data-end=\"4738\">\u00dcppige tropische G\u00e4rten<\/p>\n<\/li>\n<li data-section-id=\"1fpqkhw\" data-start=\"4739\" data-end=\"4764\">\n<p data-start=\"4741\" data-end=\"4764\">Direkter Strandzugang<\/p>\n<\/li>\n<li data-section-id=\"1uyx0aw\" data-start=\"4765\" data-end=\"4797\">\n<p data-start=\"4767\" data-end=\"4797\">24-Stunden-Gesicherte Anlage<\/p>\n<\/li>\n<\/ul>\n<p data-start=\"4799\" data-end=\"5014\">Diese Wohnung in Bah\u00eda del Veler\u00edn ist komplett m\u00f6bliert und bezugsfertig, was sie zu einer hervorragenden Option als dauerhaften Wohnsitz, luxuri\u00f6ses Ferienhaus oder Investitionsobjekt an der Costa del Sol macht.<\/p>\n<h2 data-start=\"5016\" data-end=\"5354\"><strong data-start=\"5016\" data-end=\"5102\"><a href=\"https:\/\/miannaproperties.com\/agents-2\/\">Buchen Sie noch<\/a> heute Ihren Besichtigungstermin bei Apartment in Bah\u00eda del Veler\u00edn<\/strong><\/h2>\n<p data-start=\"5016\" data-end=\"5354\">Kontaktieren Sie uns noch heute f\u00fcr weitere Informationen oder um eine private Besichtigung dieser Wohnung in Bah\u00eda del Veler\u00edn zu vereinbaren. Gelegenheiten, Eigentum in dieser prestigetr\u00e4chtigen Strandgemeinschaft zu erwerben, sind sehr begehrt.<\/p>\n<p data-start=\"5356\" data-end=\"5556\"><strong data-start=\"5356\" data-end=\"5378\">Soziale Netzwerke:<\/strong><br data-start=\"5378\" data-end=\"5381\" \/>INSTAGRAM: <a class=\"decorated-link\" href=\"https:\/\/www.instagram.com\/miannaproperties\/\" target=\"_new\" rel=\"noopener\" data-start=\"5392\" data-end=\"5435\">https:\/\/www.instagram.com\/miannaproperties\/<\/a><br data-start=\"5435\" data-end=\"5438\" \/>FACEBOOK: <a class=\"decorated-link\" href=\"https:\/\/www.facebook.com\/miannaproperties\/\" target=\"_new\" rel=\"noopener\" data-start=\"5448\" data-end=\"5490\">https:\/\/www.facebook.com\/miannaproperties\/<\/a><br data-start=\"5490\" data-end=\"5493\" \/>LINKEDIN: <a class=\"decorated-link\" href=\"https:\/\/www.linkedin.com\/company\/mianna-properties\/\" target=\"_new\" rel=\"noopener\" data-start=\"5503\" data-end=\"5554\">https:\/\/www.linkedin.com\/company\/mianna-properties\/<\/a><\/p>\n","protected":false},"excerpt":{"rendered":"<p>Elegante Gartenwohnung mit Meerblick in Bah\u00eda del Veler\u00edn Luxuri\u00f6ses Wohnen am Strand zwischen Marbella und Estepona Diese Wohnung in Bah\u00eda del Veler\u00edn befindet sich in einer der exklusivsten Strandgemeinschaften zwischen Marbella und Estepona. Umgeben von \u00fcppigen tropischen G\u00e4rten und nur wenige Schritte von einem der sch\u00f6nsten Str\u00e4nde der Costa del Sol entfernt, bietet die Anlage [&hellip;]<\/p>\n","protected":false},"author":23,"featured_media":54134,"parent":0,"menu_order":0,"template":"","property_type":[457],"property_status":[375],"property_feature":[473,439,434,438,471,466,437,453,458,440,502],"property_label":[],"property_country":[444],"property_state":[],"property_city":[450],"property_area":[484],"class_list":["post-54170","property","type-property","status-publish","has-post-thumbnail","hentry","property_type-wohnungen-appartements","property_status-zum-verkauf","property_feature-24-stunden-sicherheitsdienst","property_feature-abstellraum-2","property_feature-ausenbereich","property_feature-garage","property_feature-garage-3","property_feature-garten-2","property_feature-lift","property_feature-meerblick-2","property_feature-schwimmbad-2","property_feature-terasse","property_feature-uberdachter-parkplatz","property_country-spanien-2","property_city-estepona-2","property_area-selwo"],"property_meta":{"rank_math_internal_links_processed":["1"],"_alp_processed":["1773397214"],"_wpml_media_duplicate":["1"],"_wpml_media_featured":["1"],"fave_featured":["0"],"houzez_featured_listing_date":[""],"fave_property_images":["54133","54031","54034","54088","54058","54094","54127","54160","54166","54112","54136","54037","54055","54082","54157","54049","54043","54151","54070","54148","54061","54067","54085","54142","54073","54139","54091","54115","54121"],"fave_single_top_area":["global"],"fave_property_price":["1995000"],"fave_property_size":["126"],"fave_property_size_prefix":["m\u00b2"],"fave_property_bedrooms":["3"],"fave_property_bathrooms":["2"],"fave_property_id":["MPO-0603"],"fave_property_map":["1"],"fave_property_map_street_view":["hide"],"fave_agent_display_option":["agent_info"],"fave_agents":["42863"],"fave_prop_homeslider":["no"],"rank_math_title":["Wohnung in Bah\u00eda del Veler\u00edn \u2013 126 m\u00b2 Elegante Gartenimmobilie mit Meerblick"],"rank_math_description":["Elegante Wohnung in Bah\u00eda del Veler\u00edn mit Meerblick, privater Terrasse und tropischen G\u00e4rten. Entdecken Sie luxuri\u00f6ses Leben am Strand zwischen Marbella und Estepona."],"rank_math_focus_keyword":["Wohnung in Bah\u00eda del Veler\u00edn"],"fave_property_location":["25.68654,-80.431345,15"],"houzez_geolocation_lat":["25.68654"],"houzez_geolocation_long":["-80.431345"],"additional_features":["a:3:{i:0;a:2:{s:29:\"fave_additional_feature_title\";s:6:\"Garage\";s:29:\"fave_additional_feature_value\";s:2:\"Ja\";}i:1;a:2:{s:29:\"fave_additional_feature_title\";s:8:\"Terrasse\";s:29:\"fave_additional_feature_value\";s:6:\"Privat\";}i:2;a:2:{s:29:\"fave_additional_feature_title\";s:10:\"Schwimmbad\";s:29:\"fave_additional_feature_value\";s:16:\"Gemeinschaftlich\";}}"],"_thumbnail_id":["54134"],"_last_translation_edit_mode":["translation-editor"],"_wpml_word_count":["490"],"houzez_total_property_views":["1111"],"houzez_views_by_date":["a:61:{s:10:\"07-03-2026\";i:12;s:10:\"07-04-2026\";i:8;s:10:\"07-05-2026\";i:8;s:10:\"07-06-2026\";i:8;s:10:\"07-07-2026\";i:8;s:10:\"07-08-2026\";i:10;s:10:\"07-09-2026\";i:8;s:10:\"07-10-2026\";i:10;s:10:\"07-11-2026\";i:10;s:10:\"07-12-2026\";i:8;s:10:\"07-13-2026\";i:9;s:10:\"07-14-2026\";i:5;s:10:\"07-15-2026\";i:7;s:10:\"07-16-2026\";i:10;s:10:\"07-17-2026\";i:8;s:10:\"07-18-2026\";i:10;s:10:\"07-19-2026\";i:8;s:10:\"07-20-2026\";i:10;s:10:\"07-21-2026\";i:7;s:10:\"07-22-2026\";i:10;s:10:\"07-23-2026\";i:10;s:10:\"07-24-2026\";i:10;s:10:\"07-25-2026\";i:8;s:10:\"07-26-2026\";i:10;s:10:\"07-27-2026\";i:10;s:10:\"07-28-2026\";i:10;s:10:\"07-29-2026\";i:8;s:10:\"07-30-2026\";i:10;s:10:\"07-31-2026\";i:8;s:10:\"08-01-2026\";i:10;s:10:\"08-02-2026\";i:10;s:10:\"08-03-2026\";i:12;s:10:\"08-04-2026\";i:8;s:10:\"08-05-2026\";i:9;s:10:\"08-06-2026\";i:8;s:10:\"08-07-2026\";i:8;s:10:\"08-08-2026\";i:10;s:10:\"08-09-2026\";i:6;s:10:\"08-10-2026\";i:8;s:10:\"08-11-2026\";i:10;s:10:\"08-12-2026\";i:8;s:10:\"08-13-2026\";i:8;s:10:\"08-14-2026\";i:6;s:10:\"08-15-2026\";i:8;s:10:\"08-16-2026\";i:6;s:10:\"08-17-2026\";i:6;s:10:\"08-18-2026\";i:6;s:10:\"08-19-2026\";i:6;s:10:\"08-20-2026\";i:6;s:10:\"08-21-2026\";i:8;s:10:\"08-22-2026\";i:8;s:10:\"08-23-2026\";i:8;s:10:\"08-24-2026\";i:8;s:10:\"08-25-2026\";i:10;s:10:\"08-26-2026\";i:8;s:10:\"08-27-2026\";i:10;s:10:\"08-28-2026\";i:8;s:10:\"08-29-2026\";i:8;s:10:\"08-30-2026\";i:10;s:10:\"08-31-2026\";i:10;s:10:\"09-01-2026\";i:6;}"],"houzez_recently_viewed":["2026-09-01 17:16:03"]},"_links":{"self":[{"href":"https:\/\/miannaproperties.com\/de\/wp-json\/wp\/v2\/Eigenschaften\/54170","targetHints":{"allow":["GET"]}}],"collection":[{"href":"https:\/\/miannaproperties.com\/de\/wp-json\/wp\/v2\/Eigenschaften"}],"about":[{"href":"https:\/\/miannaproperties.com\/de\/wp-json\/wp\/v2\/types\/property"}],"author":[{"embeddable":true,"href":"https:\/\/miannaproperties.com\/de\/wp-json\/wp\/v2\/users\/23"}],"version-history":[{"count":0,"href":"https:\/\/miannaproperties.com\/de\/wp-json\/wp\/v2\/Eigenschaften\/54170\/revisions"}],"wp:featuredmedia":[{"embeddable":true,"href":"https:\/\/miannaproperties.com\/de\/wp-json\/wp\/v2\/media\/54134"}],"wp:attachment":[{"href":"https:\/\/miannaproperties.com\/de\/wp-json\/wp\/v2\/media?parent=54170"}],"wp:term":[{"taxonomy":"property_type","embeddable":true,"href":"https:\/\/miannaproperties.com\/de\/wp-json\/wp\/v2\/property_type?post=54170"},{"taxonomy":"property_status","embeddable":true,"href":"https:\/\/miannaproperties.com\/de\/wp-json\/wp\/v2\/property_status?post=54170"},{"taxonomy":"property_feature","embeddable":true,"href":"https:\/\/miannaproperties.com\/de\/wp-json\/wp\/v2\/property_feature?post=54170"},{"taxonomy":"property_label","embeddable":true,"href":"https:\/\/miannaproperties.com\/de\/wp-json\/wp\/v2\/property_label?post=54170"},{"taxonomy":"property_country","embeddable":true,"href":"https:\/\/miannaproperties.com\/de\/wp-json\/wp\/v2\/property_country?post=54170"},{"taxonomy":"property_state","embeddable":true,"href":"https:\/\/miannaproperties.com\/de\/wp-json\/wp\/v2\/property_state?post=54170"},{"taxonomy":"property_city","embeddable":true,"href":"https:\/\/miannaproperties.com\/de\/wp-json\/wp\/v2\/property_city?post=54170"},{"taxonomy":"property_area","embeddable":true,"href":"https:\/\/miannaproperties.com\/de\/wp-json\/wp\/v2\/property_area?post=54170"}],"curies":[{"name":"wp","href":"https:\/\/api.w.org\/{rel}","templated":true}]}}

Elegante Gartenwohnung mit Meerblick in Bahía del Velerín

<h1 data-start="2780" data-end="2908"><strong data-start="2780" data-end="2841">Elegante Gartenwohnung mit Meerblick in Bahía del Velerín</strong></h1>
<h2 data-start="2780" data-end="2908"><strong data-start="2844" data-end="2906">Luxuriöses Wohnen am Strand zwischen Marbella und Estepona</strong></h2>
<p data-start="2910" data-end="3260">Diese Wohnung in Bahía del Velerín befindet sich in einer der exklusivsten Strandgemeinschaften zwischen Marbella und Estepona. Umgeben von üppigen tropischen Gärten und nur wenige Schritte von einem der schönsten Strände der Costa del Sol entfernt, bietet die Anlage eine einzigartige Kombination aus Privatsphäre, Luxus und natürlicher Schönheit.</p>
<p data-start="3262" data-end="3491">Die geschlossene Anlage verfügt über 24-Stunden-Sicherheitsdienst, wunderschön angelegte Gärten und einen beeindruckenden Gemeinschaftspoolbereich mit Snackbar, was das ganze Jahr über eine entspannte Resort-Atmosphäre schafft.</p>
<p data-start="3493" data-end="3674">Die Immobilie umfasst außerdem einen Tiefgaragenstellplatz und einen privaten Abstellraum, was zusätzlichen Komfort und Praktikabilität für dieses außergewöhnliche Zuhause bietet.</p>
<h3 data-start="3676" data-end="3917"><strong data-start="3676" data-end="3732">Stilvolles Offenes Interieur mit Premium-Ausstattung</strong></h3>
<p data-start="3676" data-end="3917"><br data-start="3732" data-end="3735" />Diese elegante Wohnung in Bahía del Velerín bietet direkten Zugang zu einer privaten Terrasse und üppigen tropischen Gärten, was ein nahtloses Wohnerlebnis innen und außen schafft.</p>
<p data-start="3919" data-end="3998">Das Interieur wurde mit moderner Raffinesse und Komfort gestaltet und bietet:</p>
<ul data-start="4000" data-end="4289">
<li data-section-id="pprsgu" data-start="4000" data-end="4049">
<p data-start="4002" data-end="4049">Zeitgenössischer offener Wohn- und Essbereich</p>
</li>
<li data-section-id="sk59xb" data-start="4050" data-end="4119">
<p data-start="4052" data-end="4119">Designer-Küche, vollständig ausgestattet mit hochwertigen Geräten</p>
</li>
<li data-section-id="eveyc9" data-start="4120" data-end="4152">
<p data-start="4122" data-end="4152">Maßgefertigte Einbauschränke</p>
</li>
<li data-section-id="gznug3" data-start="4153" data-end="4197">
<p data-start="4155" data-end="4197">Eleganter Fußboden im gesamten Apartment</p>
</li>
<li data-section-id="b4kdqb" data-start="4198" data-end="4246">
<p data-start="4200" data-end="4246">Elektrischer Kamin für eine warme Atmosphäre</p>
</li>
<li data-section-id="13p9xpn" data-start="4247" data-end="4289">
<p data-start="4249" data-end="4289">Premium-Soundsystem von Bang &amp; Olufsen</p>
</li>
</ul>
<p data-start="4291" data-end="4454">Der helle Wohnbereich öffnet sich direkt zur privaten Terrasse mit herrlichem Meerblick, ideal zum Entspannen, Unterhalten oder Genießen des mediterranen Klimas.</p>
<h3 data-start="4456" data-end="4659"><strong data-start="4456" data-end="4503">Exklusiver Lebensstil in Strandgemeinschaft</strong></h3>
<p data-start="4456" data-end="4659">Das Leben in Bahía del Velerín bedeutet, eine ruhige und sichere Umgebung mit außergewöhnlichen Annehmlichkeiten zu genießen. Bewohner profitieren von:</p>
<ul data-start="4661" data-end="4797">
<li data-section-id="1c2j5u4" data-start="4661" data-end="4689">
<p data-start="4663" data-end="4689">Großem Gemeinschaftspool</p>
</li>
<li data-section-id="1fhpnst" data-start="4690" data-end="4710">
<p data-start="4692" data-end="4710">Snackbar am Pool</p>
</li>
<li data-section-id="1w4ohlo" data-start="4711" data-end="4738">
<p data-start="4713" data-end="4738">Üppige tropische Gärten</p>
</li>
<li data-section-id="1fpqkhw" data-start="4739" data-end="4764">
<p data-start="4741" data-end="4764">Direkter Strandzugang</p>
</li>
<li data-section-id="1uyx0aw" data-start="4765" data-end="4797">
<p data-start="4767" data-end="4797">24-Stunden-Gesicherte Anlage</p>
</li>
</ul>
<p data-start="4799" data-end="5014">Diese Wohnung in Bahía del Velerín ist komplett möbliert und bezugsfertig, was sie zu einer hervorragenden Option als dauerhaften Wohnsitz, luxuriöses Ferienhaus oder Investitionsobjekt an der Costa del Sol macht.</p>
<h2 data-start="5016" data-end="5354"><strong data-start="5016" data-end="5102"><a href="https://miannaproperties.com/agents-2/">Buchen Sie noch</a> heute Ihren Besichtigungstermin bei Apartment in Bahía del Velerín</strong></h2>
<p data-start="5016" data-end="5354">Kontaktieren Sie uns noch heute für weitere Informationen oder um eine private Besichtigung dieser Wohnung in Bahía del Velerín zu vereinbaren. Gelegenheiten, Eigentum in dieser prestigeträchtigen Strandgemeinschaft zu erwerben, sind sehr begehrt.</p>
<p data-start="5356" data-end="5556"><strong data-start="5356" data-end="5378">Soziale Netzwerke:</strong><br data-start="5378" data-end="5381" />INSTAGRAM: <a class="decorated-link" href="https://www.instagram.com/miannaproperties/" target="_new" rel="noopener" data-start="5392" data-end="5435">https://www.instagram.com/miannaproperties/</a><br data-start="5435" data-end="5438" />FACEBOOK: <a class="decorated-link" href="https://www.facebook.com/miannaproperties/" target="_new" rel="noopener" data-start="5448" data-end="5490">https://www.facebook.com/miannaproperties/</a><br data-start="5490" data-end="5493" />LINKEDIN: <a class="decorated-link" href="https://www.linkedin.com/company/mianna-properties/" target="_new" rel="noopener" data-start="5503" data-end="5554">https://www.linkedin.com/company/mianna-properties/</a></p>

<p>Elegante Gartenwohnung mit Meerblick in Bahía del Velerín Luxuriöses Wohnen am Strand zwischen Marbella und Estepona Diese Wohnung in Bahía del Velerín befindet sich in einer der exklusivsten Strandgemeinschaften zwischen Marbella und Estepona. Umgeben von üppigen tropischen Gärten und nur wenige Schritte von einem der schönsten Strände der Costa del Sol entfernt, bietet die Anlage [&hellip;]</p>

Wohnung in Bahía del Velerín – 126 m² Elegante Gartenimmobilie mit Meerblick

Elegante Wohnung in Bahía del Velerín mit Meerblick, privater Terrasse und tropischen Gärten. Entdecken Sie luxuriöses Leben am Strand zwischen Marbella und Estepona.

Wohnung in Bahía del Velerín
