{"id":56209,"date":"2026-04-30T10:21:03","date_gmt":"2026-04-30T08:21:03","guid":{"rendered":"https:\/\/miannaproperties.com\/property\/erdgeschosswohnung-in-elviria-mit-meerblick-in-marbella\/"},"modified":"2026-07-23T12:04:12","modified_gmt":"2026-07-23T10:04:12","slug":"erdgeschosswohnung-in-elviria-mit-meerblick-in-marbella","status":"publish","type":"property","link":"https:\/\/miannaproperties.com\/de\/property\/erdgeschosswohnung-in-elviria-mit-meerblick-in-marbella\/","title":{"rendered":"Erdgeschosswohnung in Elviria \u2013 Mit Meerblick in Marbella"},"content":{"rendered":"<h1 data-start=\"2295\" data-end=\"2354\">Erdgeschosswohnung in Elviria \u2013 Mit Meerblick in Marbella<\/h1>\n<h2 data-start=\"2358\" data-end=\"2399\">Erdgeschosswohnung in Elviria, Marbella<\/h2>\n<p data-start=\"2403\" data-end=\"2716\">Diese elegante Wohnung in Elviria befindet sich in einer der begehrtesten Gegenden von Marbella und bietet N\u00e4he zum Strand, zu allen wichtigen Einrichtungen und eine wundersch\u00f6ne nat\u00fcrliche Umgebung. Eine hervorragende Gelegenheit im spanischen Immobilienmarkt, ideal sowohl zum Wohnen als auch als Investition.<\/p>\n<p data-start=\"2720\" data-end=\"2842\">Mit 135 m\u00b2 Wohnfl\u00e4che kombiniert diese Immobilie Gro\u00dfz\u00fcgigkeit, Komfort und eine erstklassige Lage an der Costa del Sol.<\/p>\n<h3 data-start=\"2846\" data-end=\"2929\">Helle Wohnbereiche und Meerblick<\/h3>\n<p data-start=\"2846\" data-end=\"2929\">Das Innere dieser Wohnung in Elviria umfasst:<\/p>\n<ul>\n<li data-start=\"2933\" data-end=\"3082\">3 ger\u00e4umige Schlafzimmer<\/li>\n<li data-start=\"2933\" data-end=\"3082\">3 Badezimmer (eines en suite)<\/li>\n<li data-start=\"2933\" data-end=\"3082\">Heller Wohn- und Essbereich<\/li>\n<li data-start=\"2933\" data-end=\"3082\">Direkter Zugang zu einer 25 m\u00b2 gro\u00dfen privaten Terrasse<\/li>\n<\/ul>\n<p data-start=\"3086\" data-end=\"3215\">Die Terrasse bietet angenehme Meerblicke und ist ideal zum Entspannen und Genie\u00dfen des mediterranen Klimas das ganze Jahr \u00fcber.<\/p>\n<h3 data-start=\"3219\" data-end=\"3473\">Komfortable Aufteilung und Au\u00dfenleben<\/h3>\n<p data-start=\"3219\" data-end=\"3473\">Diese Wohnung in Elviria wurde f\u00fcr Komfort und Funktionalit\u00e4t konzipiert und verf\u00fcgt \u00fcber eine ausgewogene Raumaufteilung, ideal f\u00fcr Familien, Feriennutzung oder als Investition im Bereich Immobilien in Spanien.<\/p>\n<p data-start=\"3477\" data-end=\"3574\">Die nahtlose Verbindung zwischen Innen- und Au\u00dfenbereichen verbessert das gesamte Wohnerlebnis.<\/p>\n<h3 data-start=\"3578\" data-end=\"3690\">Geschlossene Wohnanlage mit Pool und G\u00e4rten<\/h3>\n<p data-start=\"3578\" data-end=\"3690\">Die Immobilie befindet sich in einer gepflegten Wohnanlage mit:<\/p>\n<ul>\n<li data-start=\"3694\" data-end=\"3774\">Gemeinschaftspool<\/li>\n<li data-start=\"3694\" data-end=\"3774\">Gepflegten Gartenanlagen<\/li>\n<li data-start=\"3694\" data-end=\"3774\">Ruhiger und sicherer Umgebung<\/li>\n<\/ul>\n<p data-start=\"3778\" data-end=\"3869\">Ein ideales Umfeld f\u00fcr K\u00e4ufer, die Immobilien in Spanien mit hoher Lebensqualit\u00e4t suchen.<\/p>\n<h3 data-start=\"3873\" data-end=\"3965\">Top-Lage in Marbella Ost<\/h3>\n<p data-start=\"3873\" data-end=\"3965\">Diese Wohnung genie\u00dft eine hervorragende Lage in der N\u00e4he von:<\/p>\n<ul>\n<li data-start=\"3969\" data-end=\"4065\">Str\u00e4nden und Beachclubs<\/li>\n<li data-start=\"3969\" data-end=\"4065\">Restaurants und Gesch\u00e4ften<\/li>\n<li data-start=\"3969\" data-end=\"4065\">Golfpl\u00e4tzen und Freizeitm\u00f6glichkeiten<\/li>\n<\/ul>\n<p data-start=\"4069\" data-end=\"4134\">Eine \u00e4u\u00dferst attraktive Option im Immobilienmarkt von Marbella.<\/p>\n<h2 data-start=\"4138\" data-end=\"4364\"><a href=\"https:\/\/miannaproperties.com\/agents-2\/\">Vereinbaren Sie Ihre Besichtigung<\/a> \u2013 Wohnung in Elviria<\/h2>\n<p data-start=\"4138\" data-end=\"4364\">Kontaktieren Sie uns, um eine Besichtigung dieser exklusiven Wohnung in Elviria zu vereinbaren und sich eine Immobilie in einer der besten Lagen Marbellas zu sichern.<\/p>\n<p data-start=\"4368\" data-end=\"4388\">Soziale Netzwerke:<\/p>\n<p data-start=\"4392\" data-end=\"4567\" data-is-only-node=\"\" data-is-last-node=\"\">INSTAGRAM: <a class=\"decorated-link\" href=\"https:\/\/www.instagram.com\/miannaproperties\/\" target=\"_new\" rel=\"noopener\" data-start=\"4403\" data-end=\"4446\">https:\/\/www.instagram.com\/miannaproperties\/<\/a><br data-start=\"4446\" data-end=\"4450\" \/>FACEBOOK: <a class=\"decorated-link\" href=\"https:\/\/www.facebook.com\/miannaproperties\/\" target=\"_new\" rel=\"noopener\" data-start=\"4460\" data-end=\"4502\">https:\/\/www.facebook.com\/miannaproperties\/<\/a><br data-start=\"4502\" data-end=\"4506\" \/>LINKEDIN: <a class=\"decorated-link\" href=\"https:\/\/www.linkedin.com\/company\/mianna-properties\/\" target=\"_new\" rel=\"noopener\" data-start=\"4516\" data-end=\"4567\" data-is-last-node=\"\">https:\/\/www.linkedin.com\/company\/mianna-properties\/<\/a><\/p>\n","protected":false},"excerpt":{"rendered":"<p>Erdgeschosswohnung in Elviria \u2013 Mit Meerblick in Marbella Erdgeschosswohnung in Elviria, Marbella Diese elegante Wohnung in Elviria befindet sich in einer der begehrtesten Gegenden von Marbella und bietet N\u00e4he zum Strand, zu allen wichtigen Einrichtungen und eine wundersch\u00f6ne nat\u00fcrliche Umgebung. Eine hervorragende Gelegenheit im spanischen Immobilienmarkt, ideal sowohl zum Wohnen als auch als Investition. Mit [&hellip;]<\/p>\n","protected":false},"author":23,"featured_media":58137,"parent":0,"menu_order":0,"template":"","property_type":[457],"property_status":[375],"property_feature":[471,466,453,458,440,502],"property_label":[],"property_country":[444],"property_state":[],"property_city":[442],"property_area":[464],"class_list":["post-56209","property","type-property","status-publish","has-post-thumbnail","hentry","property_type-wohnungen-appartements","property_status-zum-verkauf","property_feature-garage-3","property_feature-garten-2","property_feature-meerblick-2","property_feature-schwimmbad-2","property_feature-terasse","property_feature-uberdachter-parkplatz","property_country-spanien-2","property_city-marbella","property_area-elviria"],"property_meta":{"rank_math_internal_links_processed":["1"],"_alp_processed":["1784801053"],"_wpml_media_duplicate":["1"],"_wpml_media_featured":["1"],"fave_featured":["0"],"houzez_featured_listing_date":[""],"fave_property_images":["56142","56139","56136","58136","58109","58103","58076","58094","58100","58091","58127","58133","58082","58070","58124","58130","58106","58142","58139","58079","58073","58115","58097","58145","58121","58088","58112","58085","58118"],"fave_single_top_area":["global"],"houzez_geolocation_lat":["25.68654"],"houzez_geolocation_long":["-80.431345"],"_thumbnail_id":["58137"],"_last_translation_edit_mode":["translation-editor"],"_wpml_word_count":["391"],"houzez_total_property_views":["1003"],"houzez_views_by_date":["a:61:{s:10:\"07-01-2026\";i:10;s:10:\"07-02-2026\";i:8;s:10:\"07-03-2026\";i:10;s:10:\"07-04-2026\";i:8;s:10:\"07-05-2026\";i:8;s:10:\"07-06-2026\";i:8;s:10:\"07-07-2026\";i:8;s:10:\"07-08-2026\";i:10;s:10:\"07-09-2026\";i:8;s:10:\"07-10-2026\";i:10;s:10:\"07-11-2026\";i:8;s:10:\"07-12-2026\";i:8;s:10:\"07-13-2026\";i:10;s:10:\"07-14-2026\";i:4;s:10:\"07-16-2026\";i:7;s:10:\"07-17-2026\";i:8;s:10:\"07-18-2026\";i:10;s:10:\"07-19-2026\";i:8;s:10:\"07-20-2026\";i:10;s:10:\"07-21-2026\";i:2;s:10:\"07-23-2026\";i:8;s:10:\"07-24-2026\";i:10;s:10:\"07-25-2026\";i:10;s:10:\"07-26-2026\";i:10;s:10:\"07-27-2026\";i:10;s:10:\"07-28-2026\";i:10;s:10:\"07-29-2026\";i:8;s:10:\"07-30-2026\";i:10;s:10:\"07-31-2026\";i:8;s:10:\"08-01-2026\";i:8;s:10:\"08-02-2026\";i:8;s:10:\"08-03-2026\";i:14;s:10:\"08-04-2026\";i:11;s:10:\"08-05-2026\";i:5;s:10:\"08-06-2026\";i:10;s:10:\"08-07-2026\";i:8;s:10:\"08-08-2026\";i:10;s:10:\"08-09-2026\";i:6;s:10:\"08-10-2026\";i:8;s:10:\"08-11-2026\";i:10;s:10:\"08-12-2026\";i:8;s:10:\"08-13-2026\";i:8;s:10:\"08-14-2026\";i:6;s:10:\"08-15-2026\";i:8;s:10:\"08-16-2026\";i:6;s:10:\"08-17-2026\";i:6;s:10:\"08-18-2026\";i:8;s:10:\"08-19-2026\";i:6;s:10:\"08-20-2026\";i:6;s:10:\"08-21-2026\";i:8;s:10:\"08-22-2026\";i:8;s:10:\"08-23-2026\";i:8;s:10:\"08-24-2026\";i:8;s:10:\"08-25-2026\";i:10;s:10:\"08-26-2026\";i:8;s:10:\"08-27-2026\";i:10;s:10:\"08-28-2026\";i:8;s:10:\"08-29-2026\";i:9;s:10:\"08-30-2026\";i:9;s:10:\"08-31-2026\";i:8;s:10:\"09-01-2026\";i:6;}"],"houzez_recently_viewed":["2026-09-01 15:03:15"],"_top_nav_excluded":[""],"_cms_nav_minihome":[""],"fave_property_price":["499900"],"fave_property_size":["135"],"fave_property_size_prefix":["m\u00b2"],"fave_property_bedrooms":["3"],"fave_property_bathrooms":["3"],"fave_property_id":["MPA-0107"],"fave_property_map":["1"],"fave_property_map_street_view":["hide"],"fave_agent_display_option":["agent_info"],"fave_agents":["150"],"fave_prop_homeslider":["no"],"rank_math_title":["Wohnung in Elviria \u2013 135 m\u00b2 Immobilie mit Meerblick in Marbella"],"rank_math_description":["Stilvolle Wohnung in Elviria mit Meerblick und Terrasse in Marbella. Erstklassige Gelegenheit im spanischen Immobilienmarkt und bei Immobilien in Spanien zum Verkauf."],"rank_math_focus_keyword":["Wohnung in Elviria"],"fave_property_location":["25.68654,-80.431345,15"],"additional_features":["a:2:{i:0;a:2:{s:29:\"fave_additional_feature_title\";s:12:\"Swimmingpool\";s:29:\"fave_additional_feature_value\";s:16:\"Gemeinschaftlich\";}i:1;a:2:{s:29:\"fave_additional_feature_title\";s:8:\"Terrasse\";s:29:\"fave_additional_feature_value\";s:6:\"Privat\";}}"]},"_links":{"self":[{"href":"https:\/\/miannaproperties.com\/de\/wp-json\/wp\/v2\/Eigenschaften\/56209","targetHints":{"allow":["GET"]}}],"collection":[{"href":"https:\/\/miannaproperties.com\/de\/wp-json\/wp\/v2\/Eigenschaften"}],"about":[{"href":"https:\/\/miannaproperties.com\/de\/wp-json\/wp\/v2\/types\/property"}],"author":[{"embeddable":true,"href":"https:\/\/miannaproperties.com\/de\/wp-json\/wp\/v2\/users\/23"}],"version-history":[{"count":1,"href":"https:\/\/miannaproperties.com\/de\/wp-json\/wp\/v2\/Eigenschaften\/56209\/revisions"}],"predecessor-version":[{"id":58157,"href":"https:\/\/miannaproperties.com\/de\/wp-json\/wp\/v2\/Eigenschaften\/56209\/revisions\/58157"}],"wp:featuredmedia":[{"embeddable":true,"href":"https:\/\/miannaproperties.com\/de\/wp-json\/wp\/v2\/media\/58137"}],"wp:attachment":[{"href":"https:\/\/miannaproperties.com\/de\/wp-json\/wp\/v2\/media?parent=56209"}],"wp:term":[{"taxonomy":"property_type","embeddable":true,"href":"https:\/\/miannaproperties.com\/de\/wp-json\/wp\/v2\/property_type?post=56209"},{"taxonomy":"property_status","embeddable":true,"href":"https:\/\/miannaproperties.com\/de\/wp-json\/wp\/v2\/property_status?post=56209"},{"taxonomy":"property_feature","embeddable":true,"href":"https:\/\/miannaproperties.com\/de\/wp-json\/wp\/v2\/property_feature?post=56209"},{"taxonomy":"property_label","embeddable":true,"href":"https:\/\/miannaproperties.com\/de\/wp-json\/wp\/v2\/property_label?post=56209"},{"taxonomy":"property_country","embeddable":true,"href":"https:\/\/miannaproperties.com\/de\/wp-json\/wp\/v2\/property_country?post=56209"},{"taxonomy":"property_state","embeddable":true,"href":"https:\/\/miannaproperties.com\/de\/wp-json\/wp\/v2\/property_state?post=56209"},{"taxonomy":"property_city","embeddable":true,"href":"https:\/\/miannaproperties.com\/de\/wp-json\/wp\/v2\/property_city?post=56209"},{"taxonomy":"property_area","embeddable":true,"href":"https:\/\/miannaproperties.com\/de\/wp-json\/wp\/v2\/property_area?post=56209"}],"curies":[{"name":"wp","href":"https:\/\/api.w.org\/{rel}","templated":true}]}}

<h1 data-start="2295" data-end="2354">Erdgeschosswohnung in Elviria – Mit Meerblick in Marbella</h1>
<h2 data-start="2358" data-end="2399">Erdgeschosswohnung in Elviria, Marbella</h2>
<p data-start="2403" data-end="2716">Diese elegante Wohnung in Elviria befindet sich in einer der begehrtesten Gegenden von Marbella und bietet Nähe zum Strand, zu allen wichtigen Einrichtungen und eine wunderschöne natürliche Umgebung. Eine hervorragende Gelegenheit im spanischen Immobilienmarkt, ideal sowohl zum Wohnen als auch als Investition.</p>
<p data-start="2720" data-end="2842">Mit 135 m² Wohnfläche kombiniert diese Immobilie Großzügigkeit, Komfort und eine erstklassige Lage an der Costa del Sol.</p>
<h3 data-start="2846" data-end="2929">Helle Wohnbereiche und Meerblick</h3>
<p data-start="2846" data-end="2929">Das Innere dieser Wohnung in Elviria umfasst:</p>
<ul>
<li data-start="2933" data-end="3082">3 geräumige Schlafzimmer</li>
<li data-start="2933" data-end="3082">3 Badezimmer (eines en suite)</li>
<li data-start="2933" data-end="3082">Heller Wohn- und Essbereich</li>
<li data-start="2933" data-end="3082">Direkter Zugang zu einer 25 m² großen privaten Terrasse</li>
</ul>
<p data-start="3086" data-end="3215">Die Terrasse bietet angenehme Meerblicke und ist ideal zum Entspannen und Genießen des mediterranen Klimas das ganze Jahr über.</p>
<h3 data-start="3219" data-end="3473">Komfortable Aufteilung und Außenleben</h3>
<p data-start="3219" data-end="3473">Diese Wohnung in Elviria wurde für Komfort und Funktionalität konzipiert und verfügt über eine ausgewogene Raumaufteilung, ideal für Familien, Feriennutzung oder als Investition im Bereich Immobilien in Spanien.</p>
<p data-start="3477" data-end="3574">Die nahtlose Verbindung zwischen Innen- und Außenbereichen verbessert das gesamte Wohnerlebnis.</p>
<h3 data-start="3578" data-end="3690">Geschlossene Wohnanlage mit Pool und Gärten</h3>
<p data-start="3578" data-end="3690">Die Immobilie befindet sich in einer gepflegten Wohnanlage mit:</p>
<ul>
<li data-start="3694" data-end="3774">Gemeinschaftspool</li>
<li data-start="3694" data-end="3774">Gepflegten Gartenanlagen</li>
<li data-start="3694" data-end="3774">Ruhiger und sicherer Umgebung</li>
</ul>
<p data-start="3778" data-end="3869">Ein ideales Umfeld für Käufer, die Immobilien in Spanien mit hoher Lebensqualität suchen.</p>
<h3 data-start="3873" data-end="3965">Top-Lage in Marbella Ost</h3>
<p data-start="3873" data-end="3965">Diese Wohnung genießt eine hervorragende Lage in der Nähe von:</p>
<ul>
<li data-start="3969" data-end="4065">Stränden und Beachclubs</li>
<li data-start="3969" data-end="4065">Restaurants und Geschäften</li>
<li data-start="3969" data-end="4065">Golfplätzen und Freizeitmöglichkeiten</li>
</ul>
<p data-start="4069" data-end="4134">Eine äußerst attraktive Option im Immobilienmarkt von Marbella.</p>
<h2 data-start="4138" data-end="4364"><a href="https://miannaproperties.com/agents-2/">Vereinbaren Sie Ihre Besichtigung</a> – Wohnung in Elviria</h2>
<p data-start="4138" data-end="4364">Kontaktieren Sie uns, um eine Besichtigung dieser exklusiven Wohnung in Elviria zu vereinbaren und sich eine Immobilie in einer der besten Lagen Marbellas zu sichern.</p>
<p data-start="4368" data-end="4388">Soziale Netzwerke:</p>
<p data-start="4392" data-end="4567" data-is-only-node="" data-is-last-node="">INSTAGRAM: <a class="decorated-link" href="https://www.instagram.com/miannaproperties/" target="_new" rel="noopener" data-start="4403" data-end="4446">https://www.instagram.com/miannaproperties/</a><br data-start="4446" data-end="4450" />FACEBOOK: <a class="decorated-link" href="https://www.facebook.com/miannaproperties/" target="_new" rel="noopener" data-start="4460" data-end="4502">https://www.facebook.com/miannaproperties/</a><br data-start="4502" data-end="4506" />LINKEDIN: <a class="decorated-link" href="https://www.linkedin.com/company/mianna-properties/" target="_new" rel="noopener" data-start="4516" data-end="4567" data-is-last-node="">https://www.linkedin.com/company/mianna-properties/</a></p>

<p>Erdgeschosswohnung in Elviria – Mit Meerblick in Marbella Erdgeschosswohnung in Elviria, Marbella Diese elegante Wohnung in Elviria befindet sich in einer der begehrtesten Gegenden von Marbella und bietet Nähe zum Strand, zu allen wichtigen Einrichtungen und eine wunderschöne natürliche Umgebung. Eine hervorragende Gelegenheit im spanischen Immobilienmarkt, ideal sowohl zum Wohnen als auch als Investition. Mit [&hellip;]</p>
