{"id":54681,"date":"2026-03-27T12:59:24","date_gmt":"2026-03-27T11:59:24","guid":{"rendered":"https:\/\/miannaproperties.com\/property\/atico-en-san-pedro-duplex-exclusivo-cerca-del-boulevard\/"},"modified":"2026-03-27T12:59:24","modified_gmt":"2026-03-27T11:59:24","slug":"atico-en-san-pedro-duplex-exclusivo-cerca-del-boulevard","status":"publish","type":"property","link":"https:\/\/miannaproperties.com\/es\/property\/atico-en-san-pedro-duplex-exclusivo-cerca-del-boulevard\/","title":{"rendered":"\u00c1tico en San Pedro \u2013 D\u00faplex exclusivo cerca del Boulevard"},"content":{"rendered":"<h1 data-start=\"33\" data-end=\"92\">\u00c1tico en San Pedro \u2013 D\u00faplex exclusivo cerca del Boulevard<\/h1>\n<h2 data-start=\"94\" data-end=\"163\">Lujo y elegancia en un \u00e1tico d\u00faplex junto al Boulevard de San Pedro<\/h2>\n<p data-start=\"165\" data-end=\"465\">Este elegante \u00e1tico en San Pedro de Alc\u00e1ntara se encuentra en una de las zonas m\u00e1s demandadas, a pocos pasos del Boulevard y a corta distancia a pie de la playa. Rodeado de restaurantes, tiendas, servicios y opciones de ocio, ofrece la combinaci\u00f3n perfecta de ubicaci\u00f3n, estilo de vida y comodidad.<\/p>\n<p data-start=\"467\" data-end=\"560\">La propiedad destaca por su distribuci\u00f3n luminosa y espaciosa. La planta principal incluye:<\/p>\n<ul>\n<li data-start=\"562\" data-end=\"819\">Sal\u00f3n-comedor de concepto abierto con luz natural<\/li>\n<li data-start=\"562\" data-end=\"819\">Terraza con vistas abiertas y parciales al mar<\/li>\n<li data-start=\"562\" data-end=\"819\">Cocina contempor\u00e1nea totalmente equipada<\/li>\n<li data-start=\"562\" data-end=\"819\">Dormitorio principal con ba\u00f1o en suite y armarios empotrados<\/li>\n<li data-start=\"562\" data-end=\"819\">Segundo dormitorio de invitados y ba\u00f1o adicional<\/li>\n<\/ul>\n<h3 data-start=\"821\" data-end=\"915\">Planta superior con sol\u00e1rium privado<\/h3>\n<p data-start=\"821\" data-end=\"915\">La planta superior de este \u00e1tico en San Pedro ofrece:<\/p>\n<ul>\n<li data-start=\"917\" data-end=\"1099\">Tercer dormitorio con acceso directo a un gran sol\u00e1rium privado<\/li>\n<li data-start=\"917\" data-end=\"1099\">Zona exterior ideal para relajarse o recibir invitados<\/li>\n<li data-start=\"917\" data-end=\"1099\">Vistas panor\u00e1micas al Boulevard y vistas parciales al mar<\/li>\n<\/ul>\n<h3 data-start=\"1101\" data-end=\"1169\">Extras y servicios comunitarios<\/h3>\n<p data-start=\"1101\" data-end=\"1169\">Este \u00e1tico en San Pedro incluye:<\/p>\n<ul>\n<li data-start=\"1171\" data-end=\"1283\">Dos plazas de aparcamiento privadas<\/li>\n<li data-start=\"1171\" data-end=\"1283\">Complejo residencial bien cuidado<\/li>\n<li data-start=\"1171\" data-end=\"1283\">Piscina comunitaria y zonas de relax<\/li>\n<\/ul>\n<p data-start=\"1285\" data-end=\"1396\">Perfecto para quienes buscan una residencia permanente o una inversi\u00f3n de alto potencial en la Costa del Sol.<\/p>\n<h2 data-start=\"1398\" data-end=\"1513\"><a href=\"https:\/\/miannaproperties.com\/agents-2\/\">Reserva tu visita hoy<\/a><\/h2>\n<p data-start=\"1398\" data-end=\"1513\">Contacta con nosotros para descubrir todo el potencial de este \u00e1tico d\u00faplex en San Pedro.<\/p>\n<p data-start=\"1515\" data-end=\"1573\">IDEALISTA: <a class=\"decorated-link\" href=\"https:\/\/www.idealista.com\/inmueble\/111038705\/\" target=\"_new\" rel=\"noopener\" data-start=\"1526\" data-end=\"1571\">https:\/\/www.idealista.com\/inmueble\/111038705\/<\/a><\/p>\n<p data-start=\"1575\" data-end=\"1592\">Redes sociales:<\/p>\n<p data-start=\"1594\" data-end=\"1769\">INSTAGRAM: <a class=\"decorated-link\" href=\"https:\/\/www.instagram.com\/miannaproperties\/\" target=\"_new\" rel=\"noopener\" data-start=\"1605\" data-end=\"1648\">https:\/\/www.instagram.com\/miannaproperties\/<\/a><br data-start=\"1648\" data-end=\"1651\" \/>FACEBOOK: <a class=\"decorated-link\" href=\"https:\/\/www.facebook.com\/miannaproperties\/\" target=\"_new\" rel=\"noopener\" data-start=\"1661\" data-end=\"1703\">https:\/\/www.facebook.com\/miannaproperties\/<\/a><br data-start=\"1703\" data-end=\"1706\" \/>LINKEDIN: <a class=\"decorated-link\" href=\"https:\/\/www.linkedin.com\/company\/mianna-properties\/\" target=\"_new\" rel=\"noopener\" data-start=\"1716\" data-end=\"1767\">https:\/\/www.linkedin.com\/company\/mianna-properties\/<\/a><\/p>\n","protected":false},"excerpt":{"rendered":"<p>\u00c1tico en San Pedro \u2013 D\u00faplex exclusivo cerca del Boulevard Lujo y elegancia en un \u00e1tico d\u00faplex junto al Boulevard de San Pedro Este elegante \u00e1tico en San Pedro de Alc\u00e1ntara se encuentra en una de las zonas m\u00e1s demandadas, a pocos pasos del Boulevard y a corta distancia a pie de la playa. Rodeado [&hellip;]<\/p>\n","protected":false},"author":23,"featured_media":54598,"parent":0,"menu_order":0,"template":"","property_type":[487,123],"property_status":[23],"property_feature":[468,118,295,293,119],"property_label":[],"property_country":[266],"property_state":[],"property_city":[133],"property_area":[147],"class_list":["post-54681","property","type-property","status-publish","has-post-thumbnail","hentry","property_type-atico-duplex-2","property_type-aticos","property_status-venta","property_feature-garaje-2","property_feature-piscina","property_feature-sea-view-es","property_feature-solarium-es","property_feature-terraza","property_country-spain-es","property_city-marbella-es","property_area-san-pedro-es"],"property_meta":{"rank_math_internal_links_processed":["1"],"_alp_processed":["1774612765"],"_wpml_media_duplicate":["1"],"_wpml_media_featured":["1"],"fave_featured":["0"],"houzez_featured_listing_date":[""],"fave_property_images":["54596","54671","54656","54674","54668","54659","54662","54665","54677","54620","54623","54629","54632","54635","54653","54650","54638","54644","54581","54617","54611","54614","54602","54587","54573","54584","54599","54605"],"fave_single_top_area":["global"],"_top_nav_excluded":[""],"_cms_nav_minihome":[""],"fave_property_price":["675000"],"fave_property_size":["94"],"fave_property_size_prefix":["m\u00b2"],"fave_property_bedrooms":["3"],"fave_property_bathrooms":["2"],"fave_property_garage":["2"],"fave_property_id":["MPS-0033"],"fave_property_map":["1"],"fave_property_map_street_view":["hide"],"fave_agent_display_option":["agent_info"],"fave_agents":["156"],"fave_prop_homeslider":["no"],"rank_math_title":["\u00c1tico en San Pedro \u2013 D\u00faplex de 94\u202fm\u00b2 cerca del Boulevard y la playa"],"rank_math_description":["Elegante \u00e1tico d\u00faplex en San Pedro con terraza, sol\u00e1rium privado y vistas parciales al mar. A pocos pasos del Boulevard y la playa, ideal como residencia o inversi\u00f3n."],"rank_math_focus_keyword":["\u00c1tico en San Pedro"],"fave_property_location":["25.68654,-80.431345,15"],"houzez_geolocation_lat":["25.68654"],"houzez_geolocation_long":["-80.431345"],"additional_features":["a:2:{i:0;a:2:{s:29:\"fave_additional_feature_title\";s:7:\"Terraza\";s:29:\"fave_additional_feature_value\";s:7:\"Privada\";}i:1;a:2:{s:29:\"fave_additional_feature_title\";s:7:\"Piscina\";s:29:\"fave_additional_feature_value\";s:11:\"Comunitaria\";}}"],"_thumbnail_id":["54598"],"_last_translation_edit_mode":["translation-editor"],"_wpml_word_count":["300"],"houzez_total_property_views":["1104"],"houzez_views_by_date":["a:61:{s:10:\"07-03-2026\";i:8;s:10:\"07-04-2026\";i:10;s:10:\"07-05-2026\";i:8;s:10:\"07-06-2026\";i:10;s:10:\"07-07-2026\";i:8;s:10:\"07-08-2026\";i:10;s:10:\"07-09-2026\";i:8;s:10:\"07-10-2026\";i:10;s:10:\"07-11-2026\";i:10;s:10:\"07-12-2026\";i:8;s:10:\"07-13-2026\";i:8;s:10:\"07-14-2026\";i:7;s:10:\"07-15-2026\";i:10;s:10:\"07-16-2026\";i:10;s:10:\"07-17-2026\";i:8;s:10:\"07-18-2026\";i:10;s:10:\"07-19-2026\";i:8;s:10:\"07-20-2026\";i:12;s:10:\"07-21-2026\";i:3;s:10:\"07-22-2026\";i:8;s:10:\"07-23-2026\";i:10;s:10:\"07-24-2026\";i:10;s:10:\"07-25-2026\";i:10;s:10:\"07-26-2026\";i:10;s:10:\"07-27-2026\";i:8;s:10:\"07-28-2026\";i:12;s:10:\"07-29-2026\";i:8;s:10:\"07-30-2026\";i:10;s:10:\"07-31-2026\";i:8;s:10:\"08-01-2026\";i:10;s:10:\"08-02-2026\";i:10;s:10:\"08-03-2026\";i:12;s:10:\"08-04-2026\";i:10;s:10:\"08-05-2026\";i:5;s:10:\"08-06-2026\";i:10;s:10:\"08-07-2026\";i:8;s:10:\"08-08-2026\";i:10;s:10:\"08-09-2026\";i:8;s:10:\"08-10-2026\";i:10;s:10:\"08-11-2026\";i:8;s:10:\"08-12-2026\";i:8;s:10:\"08-13-2026\";i:6;s:10:\"08-14-2026\";i:6;s:10:\"08-15-2026\";i:8;s:10:\"08-16-2026\";i:6;s:10:\"08-17-2026\";i:6;s:10:\"08-18-2026\";i:6;s:10:\"08-19-2026\";i:6;s:10:\"08-20-2026\";i:8;s:10:\"08-21-2026\";i:8;s:10:\"08-22-2026\";i:8;s:10:\"08-23-2026\";i:8;s:10:\"08-24-2026\";i:8;s:10:\"08-25-2026\";i:10;s:10:\"08-26-2026\";i:9;s:10:\"08-27-2026\";i:10;s:10:\"08-28-2026\";i:10;s:10:\"08-29-2026\";i:8;s:10:\"08-30-2026\";i:10;s:10:\"08-31-2026\";i:8;s:10:\"09-01-2026\";i:9;}"],"houzez_recently_viewed":["2026-09-01 22:50:39"]},"_links":{"self":[{"href":"https:\/\/miannaproperties.com\/es\/wp-json\/wp\/v2\/propiedades\/54681","targetHints":{"allow":["GET"]}}],"collection":[{"href":"https:\/\/miannaproperties.com\/es\/wp-json\/wp\/v2\/propiedades"}],"about":[{"href":"https:\/\/miannaproperties.com\/es\/wp-json\/wp\/v2\/types\/property"}],"author":[{"embeddable":true,"href":"https:\/\/miannaproperties.com\/es\/wp-json\/wp\/v2\/users\/23"}],"version-history":[{"count":0,"href":"https:\/\/miannaproperties.com\/es\/wp-json\/wp\/v2\/propiedades\/54681\/revisions"}],"wp:featuredmedia":[{"embeddable":true,"href":"https:\/\/miannaproperties.com\/es\/wp-json\/wp\/v2\/media\/54598"}],"wp:attachment":[{"href":"https:\/\/miannaproperties.com\/es\/wp-json\/wp\/v2\/media?parent=54681"}],"wp:term":[{"taxonomy":"property_type","embeddable":true,"href":"https:\/\/miannaproperties.com\/es\/wp-json\/wp\/v2\/property_type?post=54681"},{"taxonomy":"property_status","embeddable":true,"href":"https:\/\/miannaproperties.com\/es\/wp-json\/wp\/v2\/property_status?post=54681"},{"taxonomy":"property_feature","embeddable":true,"href":"https:\/\/miannaproperties.com\/es\/wp-json\/wp\/v2\/property_feature?post=54681"},{"taxonomy":"property_label","embeddable":true,"href":"https:\/\/miannaproperties.com\/es\/wp-json\/wp\/v2\/property_label?post=54681"},{"taxonomy":"property_country","embeddable":true,"href":"https:\/\/miannaproperties.com\/es\/wp-json\/wp\/v2\/property_country?post=54681"},{"taxonomy":"property_state","embeddable":true,"href":"https:\/\/miannaproperties.com\/es\/wp-json\/wp\/v2\/property_state?post=54681"},{"taxonomy":"property_city","embeddable":true,"href":"https:\/\/miannaproperties.com\/es\/wp-json\/wp\/v2\/property_city?post=54681"},{"taxonomy":"property_area","embeddable":true,"href":"https:\/\/miannaproperties.com\/es\/wp-json\/wp\/v2\/property_area?post=54681"}],"curies":[{"name":"wp","href":"https:\/\/api.w.org\/{rel}","templated":true}]}}

Ático en San Pedro – Dúplex exclusivo cerca del Boulevard

<h1 data-start="33" data-end="92">Ático en San Pedro – Dúplex exclusivo cerca del Boulevard</h1>
<h2 data-start="94" data-end="163">Lujo y elegancia en un ático dúplex junto al Boulevard de San Pedro</h2>
<p data-start="165" data-end="465">Este elegante ático en San Pedro de Alcántara se encuentra en una de las zonas más demandadas, a pocos pasos del Boulevard y a corta distancia a pie de la playa. Rodeado de restaurantes, tiendas, servicios y opciones de ocio, ofrece la combinación perfecta de ubicación, estilo de vida y comodidad.</p>
<p data-start="467" data-end="560">La propiedad destaca por su distribución luminosa y espaciosa. La planta principal incluye:</p>
<ul>
<li data-start="562" data-end="819">Salón-comedor de concepto abierto con luz natural</li>
<li data-start="562" data-end="819">Terraza con vistas abiertas y parciales al mar</li>
<li data-start="562" data-end="819">Cocina contemporánea totalmente equipada</li>
<li data-start="562" data-end="819">Dormitorio principal con baño en suite y armarios empotrados</li>
<li data-start="562" data-end="819">Segundo dormitorio de invitados y baño adicional</li>
</ul>
<h3 data-start="821" data-end="915">Planta superior con solárium privado</h3>
<p data-start="821" data-end="915">La planta superior de este ático en San Pedro ofrece:</p>
<ul>
<li data-start="917" data-end="1099">Tercer dormitorio con acceso directo a un gran solárium privado</li>
<li data-start="917" data-end="1099">Zona exterior ideal para relajarse o recibir invitados</li>
<li data-start="917" data-end="1099">Vistas panorámicas al Boulevard y vistas parciales al mar</li>
</ul>
<h3 data-start="1101" data-end="1169">Extras y servicios comunitarios</h3>
<p data-start="1101" data-end="1169">Este ático en San Pedro incluye:</p>
<ul>
<li data-start="1171" data-end="1283">Dos plazas de aparcamiento privadas</li>
<li data-start="1171" data-end="1283">Complejo residencial bien cuidado</li>
<li data-start="1171" data-end="1283">Piscina comunitaria y zonas de relax</li>
</ul>
<p data-start="1285" data-end="1396">Perfecto para quienes buscan una residencia permanente o una inversión de alto potencial en la Costa del Sol.</p>
<h2 data-start="1398" data-end="1513"><a href="https://miannaproperties.com/agents-2/">Reserva tu visita hoy</a></h2>
<p data-start="1398" data-end="1513">Contacta con nosotros para descubrir todo el potencial de este ático dúplex en San Pedro.</p>
<p data-start="1515" data-end="1573">IDEALISTA: <a class="decorated-link" href="https://www.idealista.com/inmueble/111038705/" target="_new" rel="noopener" data-start="1526" data-end="1571">https://www.idealista.com/inmueble/111038705/</a></p>
<p data-start="1575" data-end="1592">Redes sociales:</p>
<p data-start="1594" data-end="1769">INSTAGRAM: <a class="decorated-link" href="https://www.instagram.com/miannaproperties/" target="_new" rel="noopener" data-start="1605" data-end="1648">https://www.instagram.com/miannaproperties/</a><br data-start="1648" data-end="1651" />FACEBOOK: <a class="decorated-link" href="https://www.facebook.com/miannaproperties/" target="_new" rel="noopener" data-start="1661" data-end="1703">https://www.facebook.com/miannaproperties/</a><br data-start="1703" data-end="1706" />LINKEDIN: <a class="decorated-link" href="https://www.linkedin.com/company/mianna-properties/" target="_new" rel="noopener" data-start="1716" data-end="1767">https://www.linkedin.com/company/mianna-properties/</a></p>

<p>Ático en San Pedro – Dúplex exclusivo cerca del Boulevard Lujo y elegancia en un ático dúplex junto al Boulevard de San Pedro Este elegante ático en San Pedro de Alcántara se encuentra en una de las zonas más demandadas, a pocos pasos del Boulevard y a corta distancia a pie de la playa. Rodeado [&hellip;]</p>

Ático en San Pedro – Dúplex de 94 m² cerca del Boulevard y la playa

Elegante ático dúplex en San Pedro con terraza, solárium privado y vistas parciales al mar. A pocos pasos del Boulevard y la playa, ideal como residencia o inversión.

Ático en San Pedro
